d by 15*3/(-9) + 29?
22
Suppose -3*q + 18 = 6. Let z(h) = -h**2 + h + 6. What is the remainder when z(0) is divided by q?
2
Let q(l) = 2*l - 11. Let u(o) = o**3 + 8*o**2 - 3*o - 1. Calculate the remainder when u(-8) is divided by q(8).
3
Let d be (-4)/(12/(-3))*18. Calculate the remainder when d/45 - 158/(-5) is divided by 12.
8
Let z(f) = -f + 1. Let c(u) = -3*u - 6. Let g(q) = -c(q) + 4*z(q). What is the remainder when 19 is divided by g(0)?
9
Let r = 7 - 4. Calculate the remainder when 11 is divided by r.
2
Let t(w) = 8*w**2 + 3*w. What is the remainder when 102 is divided by t(-2)?
24
Suppose -5*b = -4*v + 27, 0 = v - 0*b + 5*b - 38. Calculate the remainder when 38 is divided by v.
12
Suppose -4*r - j + 9 = -3*r, 3*j + 3 = 0. Let k(w) = -w**2 - 10*w - 13. Let x be k(-10). What is the remainder when r is divided by (0 - 1)/(x/39)?
1
Let m = -19 - -40. What is the remainder when 61 is divided by m?
19
Let m = 81 - -31. Calculate the remainder when m is divided by 23.
20
Calculate the remainder when (-295)/(-10) - (18/4)/(-3) is divided by 16.
15
Suppose -6*q = -9*q + 51. What is the remainder when 50 is divided by q?
16
Let n(c) = 8*c**2 + c - 1. Calculate the remainder when 168 is divided by n(-2).
23
Let i(a) be the second derivative of -a**5/10 - 5*a**4/12 - 5*a. Calculate the remainder when i(-3) is divided by 6.
3
Let b(t) = 4*t**2 + 10 - 6*t**2 + t**3 - 5*t**2. Let j = 5 - 2. Calculate the remainder when b(7) is divided by j.
1
Let d(f) = f**3 + 6*f**2 - 5*f - 7. Suppose 0 = c - 2*c - 5*m - 3, -9 = 3*c + m. What is the remainder when d(c) is divided by 12?
11
Suppose -3 - 27 = -2*i. What is the remainder when 59 is divided by i?
14
Suppose -14 - 17 = -j + 2*t, 5*j = -4*t + 155. Suppose -5*r - 5 + 20 = 0. Let n(o) = o**2 + 2*o - 4. Calculate the remainder when j is divided by n(r).
9
Suppose 3*t = -c + 35, 0 = -t - c + 8 + 3. Suppose 4*f = 2*f + t. What is the remainder when 16 is divided by f?
4
Let w(m) = -69*m - 2. Let d(q) = 2346*q + 69. Let i(x) = 2*d(x) + 69*w(x). What is the remainder when i(-1) is divided by 18?
15
Suppose 0*y = -3*y + 21. Suppose 0 = -2*n + 4*u + 40, -y*n - 4*u = -3*n - 32. Let b = -49 - -71. Calculate the remainder when b is divided by n.
10
Suppose 0 = 5*l - 2*y - 136, 3*l - 2*l + 5*y = 38. What is the remainder when l is divided by 16?
12
Suppose 3*g = 4*t + 4, -2*g - 2 = t - 12. Let j = g - -25. Calculate the remainder when j is divided by 8.
5
Let w(z) = 4*z**3 - 3. Let u = 7 + 20. Calculate the remainder when w(3) is divided by u.
24
Suppose y - 20 = 2*i, 2*y + 4 + 4 = -2*i. Let b = 18 + i. What is the remainder when 19 is divided by b?
9
Let p(i) = -i**3 - 4*i**2 + 3*i. Let n be p(2). Let v = n + 52. Calculate the remainder when v is divided by 12.
10
Let l be (-1 - 1) + 0 + 0. Suppose -p = 3*p - 64. What is the remainder when 31 + (l - 0) + 2 is divided by p?
15
Let i be 4*(21/12 + -1). Calculate the remainder when 31 + (0 + 3 - i) is divided by 11.
9
Let n = -7 - -9. Suppose -y + 3 = -n. Suppose -y*r + 31 = -34. What is the remainder when r is divided by 7?
6
Suppose 2*y = n - 2 - 1, -3*y + 9 = 0. What is the remainder when 34 is divided by n?
7
Suppose -7 - 2 = 3*q. Let k = 0 - q. Suppose k*r = 7*r - 68. Calculate the remainder when r is divided by 6.
5
Let x(t) = t**3 - t**2 - 2*t + 99. Calculate the remainder when x(0) is divided by 25.
24
Let h = -62 - -88. Suppose -x = 2 - h. What is the remainder when x is divided by 13?
11
Suppose -3*s + s - 4 = 0. Let m = s + 7. Calculate the remainder when m is divided by (-2 - -2) + 1*2.
1
Suppose 0 = n - 0*n + 48. Let v = n + 90. Calculate the remainder when v is divided by 11.
9
Let n = -18 + 30. Let c(j) = 5*j + 4. Let s(y) = y**3 + 5*y**2 - y + 1. Let z be s(-5). What is the remainder when c(z) is divided by n?
10
Let q(t) = 3*t + 6. Calculate the remainder when 27 is divided by q(3).
12
Suppose -4*m - m + 50 = 0. Calculate the remainder when 49 is divided by m.
9
Let q = 104 - 59. Let f = q - 4. Calculate the remainder when f is divided by 21.
20
Let k(g) = -g**2 - 5*g + 3. Let p be ((-16)/(-10))/(4/10). Let l be (p/3)/(1/(-3)). What is the remainder when 19 is divided by k(l)?
5
Let k(g) = -g - 1. Let w be k(-2). Suppose 11 - w = 2*s. Let h(u) = u + 1. What is the remainder when h(12) is divided by s?
3
Suppose 39 = 3*c + 2*h, -2*c + c = 3*h - 6. What is the remainder when 59 is divided by c?
14
Let p = 2 - -1. Suppose 2 = p*q + 8. Let c(m) = m**3 + 2*m**2 - 4*m - 3. Calculate the remainder when 13 is divided by c(q).
3
Let o(y) = y**3 + 5*y**2 - 20*y - 23. What is the remainder when 50 is divided by o(-7)?
12
Let p(f) = -2*f - 2. Let g be p(0). What is the remainder when 2*(-1)/(g/38) is divided by 10?
8
Suppose 0*q + 4 = q. Suppose -c + 85 = q*c. Calculate the remainder when 32 is divided by c.
15
Let y(l) = 6*l - 7. Let b be y(9). Suppose 3*t - b = -2*u, t + 3 = 4. What is the remainder when u is divided by 8?
6
Let z be (5/3)/(4/60). Suppose -3*c = 2*c - z. Let v(x) = 3*x + 2. What is the remainder when v(2) is divided by c?
3
Let r = 20 + -11. Let f = -6 + r. Suppose -2*l = -6, -12*l + 14 = 2*q - 8*l. Calculate the remainder when f is divided by q.
0
Suppose 0*d - d + 5*l - 31 = 0, -21 = d - 3*l. Let h = 3 + d. What is the remainder when (8/(-4))/(h + 1) is divided by 1?
0
Calculate the remainder when 2/((-56)/58 + 1) is divided by 98/5 - (-2)/5.
18
Calculate the remainder when 77 is divided by (-360)/9*(-1)/2.
17
Suppose -5*i + g + 9 = 0, -4*i - 1 = -2*i - 5*g. Let v(b) = -5 + i - b - 2*b**2 + 3*b**2 + 2*b. What is the remainder when 31 is divided by v(-5)?
14
Suppose 2*u + 3*p = -2*u + 15, 0 = -5*u - p + 16. What is the remainder when 9 is divided by u?
0
Let x(r) = -r**3 + 8*r**2 + 5*r - 12. Suppose -3*q + 16 = -q. Calculate the remainder when x(q) is divided by 10.
8
Suppose -4 = -3*b - b. Let p be 15/2*2*1. Suppose -p = -t - b. What is the remainder when 27 is divided by t?
13
Let i(g) = -2*g + 12. Let v be i(-5). Let u = -7 + v. Calculate the remainder when 27 is divided by u.
12
Suppose 31 = 2*f - 17. Let q = -41 - -54. Calculate the remainder when f is divided by q.
11
Let q(i) = 20*i**2 - 1. Let p be q(-2). Suppose 2*b = 2*y + 122, -b = 2*y + 3*y - p. Calculate the remainder when b is divided by 22.
20
Let s(f) = -21*f**2 + 3*f + 3. Let y be s(-1). Let o = -11 - y. What is the remainder when 39 is divided by o?
9
Let b = -198 - -362. Suppose 0 = -4*i + u + b, -i = 4*u + 19 - 77. Suppose -4*o - i + 114 = 0. Calculate the remainder when 34 is divided by o.
16
Suppose 5*t - 345 = -2*v, 3*v - 4*t - 307 = 222. Suppose 0 = 2*f + 3*f - v. Calculate the remainder when f is divided by 18.
17
Suppose 3*g - g = 2. Let j be -7 - -11 - g/(-1). Suppose n - 2*f = -4 + 2, -14 = -2*n - j*f. Calculate the remainder when 2 is divided by n.
0
Suppose -166 = -5*g - 1. What is the remainder when g is divided by 17?
16
Let f = 6 - -6. What is the remainder when 3/6 + 45/2 is divided by f?
11
Suppose -3*b = 15, -b - 96 = -4*d + 3*b. Suppose 0 = 3*x - 6*x + 162. Calculate the remainder when x is divided by d.
16
Let c(i) = 2*i**2 + 13*i + 24. What is the remainder when c(-6) is divided by 13?
5
Let q = -11 + 13. Let p = q - -2. Calculate the remainder when 13 is divided by p.
1
Let c = -39 - -45. Let d be -2 + ((-4)/(-1) - 2). Suppose -v + 1 + 16 = d. What is the remainder when v is divided by c?
5
Let f(u) = -3*u**3 + u - 2. What is the remainder when f(-3) is divided by 26 - 0*-4*(-4)/16?
24
Suppose w - 89 + 31 = 0. Let k = -36 + w. What is the remainder when 87 is divided by k?
21
Let j = -15 + 48. Let n = -6 - 14. Let a = j + n. What is the remainder when 25 is divided by a?
12
Let n = -1 - 0. Let j(q) = 7*q**2 - q - 1. Calculate the remainder when j(n) is divided by 4.
3
Let g = -21 + 37. Let u(r) = r**3 + r**2 + 6*r + 2. Let o be u(-4). Let a = o + 100. Calculate the remainder when a is divided by g.
14
Suppose -5*y - 32 + 104 = 4*w, -4*w - 88 = -5*y. Calculate the remainder when (-331)/(-7) + (-2)/7 is divided by y.
15
Suppose 15 = 3*m - 18. What is the remainder when 43 is divided by m?
10
Let c(v) = v**3 - v + 2. What is the remainder when c(3) is divided by (-3)/2*(-28)/3?
12
Suppose -4*i + 44 = -8. Suppose 2*c - i - 41 = 0. Calculate the remainder 